t is -13ddb + -e?
-13de9
In base 5, what is 140 + -2110234024?
-2110233334
In base 6, what is 13204345 + 542?
13205331
In base 9, what is 0 + -6408611?
-6408611
In base 2, what is 1 + -100100011001011100101101011?
-100100011001011100101101010
In base 5, what is 0 + -323241031?
-323241031
In base 13, what is -5 + -c1c076?
-c1c07b
In base 5, what is 1400 + 1434312?
1441212
In base 12, what is -64535 - 8a9?
-65222
In base 14, what is 82915 - 79c?
82157
In base 3, what is -1222210001 + -12221111?
-2012201112
In base 3, what is -112120111100 + -121?
-112120111221
In base 4, what is -202223020002 + -11?
-202223020013
In base 8, what is 10640 + -405?
10233
In base 4, what is 2112 - 230301122?
-230233010
In base 11, what is 3 + 26538325?
26538328
In base 15, what is 191 + 148a7?
14a48
In base 14, what is 4 - -4d3178?
4d317c
In base 15, what is 4ce82 - 3c7?
4caaa
In base 8, what is 4506 + -26417?
-21711
In base 12, what is -664ab9 + -4?
-664b01
In base 15, what is 309 - 25d7?
-22cd
In base 15, what is 29a5c - 6a?
299e2
In base 15, what is -4 - 658e9a6?
-658e9aa
In base 9, what is 123 - -14283?
14416
In base 10, what is 0 - 14233451?
-14233451
In base 13, what is -3ca6 + 2308?
-199b
In base 12, what is -4 + a09272a?
a092726
In base 4, what is 201213001201221 + 2?
201213001201223
In base 4, what is 223 + -112012012202?
-112012011313
In base 6, what is -12554444 - 5?
-12554453
In base 7, what is 33 + -15642145?
-15642112
In base 11, what is -25814a63 + -21?
-25814a84
In base 4, what is 11 + 11213211113?
11213211130
In base 15, what is -1 + -d732e2?
-d732e3
In base 7, what is 4 - -2426230?
2426234
In base 8, what is 4 + 1665207316?
1665207322
In base 4, what is -120031331 + -1012?
-120033003
In base 15, what is 2277 - -86e?
2ae6
In base 15, what is -4 + -5140a2?
-5140a6
In base 4, what is 221222122233 - 0?
221222122233
In base 9, what is 41130 + 2168?
43308
In base 2, what is 101001101001101110 - 11100?
101001101001010010
In base 3, what is -212100111220 + -2011?
-212100121001
In base 9, what is 4 + 3701627?
3701632
In base 3, what is 10 - 2112000102?
-2112000022
In base 15, what is 17 - 21ae5a?
-21ae43
In base 15, what is 2a + -c481?
-c456
In base 13, what is -9a1a726 - -8?
-9a1a71b
In base 10, what is 3 + 12806030?
12806033
In base 9, what is -154312820 - 16?
-154312836
In base 6, what is -251 - 205310005?
-205310300
In base 4, what is 1 + 102023211302?
102023211303
In base 2, what is 111010111000100100011 + -10010?
111010111000100010001
In base 7, what is 1104 - -13456515?
13460622
In base 14, what is -949a3 - -195?
-9480c
In base 5, what is 11011412 + 42444?
11104411
In base 16, what is e80 + -3d1?
aaf
In base 14, what is -872 + -a028?
-a89a
In base 5, what is -10121440211 - -1?
-10121440210
In base 7, what is -111303034 + -12?
-111303046
In base 2, what is 10110000010001010010 - 1100101?
10110000001111101101
In base 14, what is 2c8 - a84cb?
-a8203
In base 9, what is -176 - -3266533?
3266346
In base 8, what is 16707 - -31522?
50431
In base 14, what is -2a45a - 29?
-2a485
In base 7, what is -306444053 + -20?
-306444103
In base 6, what is -1244 + 322554?
321310
In base 8, what is 54 - 14274520?
-14274444
In base 10, what is -1766608 - -48?
-1766560
In base 2, what is -110100000101110101100101 + -111?
-110100000101110101101100
In base 3, what is -20220212021 - 20211?
-20221010002
In base 9, what is -382415 - -144?
-382261
In base 14, what is -a214 - -44?
-a1b0
In base 11, what is 7a316345 + 5?
7a31634a
In base 8, what is 61 - 111474?
-111413
In base 5, what is -33 - -31101310?
31101222
In base 5, what is -3 - 120114222?
-120114230
In base 11, what is 262 - -2a246?
2a4a8
In base 5, what is 31 - -24444234?
24444320
In base 16, what is fa0 + 5ac?
154c
In base 8, what is -32672772 - 7?
-32673001
In base 8, what is 656 - -14046?
14724
In base 8, what is 1200335635 - 0?
1200335635
In base 9, what is -1075446531 + 4?
-1075446526
In base 2, what is 1010011101011000100 + 10000000101?
1010011111011001001
In base 3, what is -102220202021010 - 10?
-102220202021020
In base 8, what is 307607705 + -1?
307607704
In base 15, what is 15b093 + 1ee?
15b292
In base 14, what is -c61 + ad3?
-16c
In base 16, what is -102c - -2b8b?
1b5f
In base 9, what is -34 + -31246680?
-31246724
In base 12, what is -3941 + 10162?
8421
In base 8, what is 1201244025 - -1?
1201244026
In base 3, what is -1022021021 - -12111?
-1022001210
In base 4, what is -11132300320 - -13?
-11132300301
In base 8, what is -77 + 447565?
447466
In base 14, what is -ac740 + 2a1?
-ac47d
In base 14, what is 19d2 - -24d65?
26957
In base 3, what is -20120011001010 - 222?
-20120011002002
In base 10, what is -8949 + 7101?
-1848
In base 12, what is 12 + -7a156?
-7a144
In base 15, what is -2c483 + 6e?
-2c414
In base 16, what is 104e046 + -c?
104e03a
In base 11, what is -1368477 - a?
-1368486
In base 7, what is -3 - 2316326560?
-2316326563
In base 7, what is -10 + -31610514?
-31610524
In base 8, what is -71 + -75133?
-75224
In base 9, what is 1084 + 53014?
54108
In base 12, what is -1b83967 + 5?
-1b83962
In base 11, what is -39623a9 - 5?
-3962403
In base 4, what is -1233230003312 + 2?
-1233230003310
In base 9, what is -68376 - 523?
-70010
In base 16, what is a71021 + 5?
a71026
In base 4, what is 11333 - -103321013?
103333012
In base 3, what is 1012220 + 1120021110?
1121111100
In base 15, what is 18 + -1b26c0?
-1b26a7
In base 13, what is -4698b002 - 5?
-4698b007
In base 9, what is 4 - 8686538?
-8686534
In base 16, what is 13151 - 2b?
13126
In base 8, what is 123106 - 743?
122143
In base 7, what is 6004301023 - -3?
6004301026
In base 5, what is -20022003201 - 21?
-20022003222
In base 12, what is -6709 + 286?
-6443
In base 10, what is 77 + 6529402?
6529479
In base 6, what is -1221 + -3455244?
-3500505
In base 12, what is -84ab06 - 5?
-84ab0b
In base 6, what is -2201123313 + 0?
-2201123313
In base 2, what is -1000010100011001101111110 - -1?
-1000010100011001101111101
In base 6, what is -3525314200 + 1?
-3525314155
In base 10, what is 2137430 - 6?
2137424
In base 6, what is 114132 - -1413433?
1532005
In base 14, what is -423a + 490?
-3b8a
In base 3, what is 1012201001201 - -12220?
1012201021121
In base 11, what is -390 + -129a504?
-129a894
In base 4, what is -2000 + -1220003331?
-1220011331
In base 9, what is -11 + -1133284?
-1133305
In base 11, what is -8a4773 + 0?
-8a4773
In base 3, what is -2001201001 + -1111100?
-2010012101
In base 12, what is -4 + -7442aa?
-7442b2
In base 4, what is -21013320201002 - -11?
-21013320200331
In base 15, what is 191 - 60259?
-600b8
In base 2, what is 11 + 10110100101011101110010001?
10110100101011101110010100
In base 6, what is 4 + -101254152?
-101254144
In base 7, what is -1046 + -2040432?
-2041511
In base 10, what is 16306 - -8168?
24474
In base 9, what is 35 - 786838?
-786803
In base 11, what is 1246 - 6082?
-4937
In base 11, what is 2325 - aa2?
1333
In base 4, what is 1211 + 10212323221?
10212331032
In base 9, what is -3 + -7865030?
-7865033
In base 9, what is 2 + 5132503?
5132505
In base 15, what is -e3601 - -a?
-e35e6
In base 9, what is -6578 + -4642?
-12331
In base 2, what is 1110111000100101101001101 + -100?
1110111000100101101001001
In base 13, what is 1a275 + -402?
19b73
In base 4, what is 301013212032 + 2?
301013212100
In base 7, what is 542154365 - -5?
542154403
In base 13, what is -7ca + -1c82?
-277c
In base 3, what is -112011101 + -111221?
-112200022
In base 6, what is -1452 - 130150?
-132042
In base 4, what is -212030 + -133?
-212223
In base 11, what is 2 - -23500a1?
23500a3
In base 9, what is -12 + 2004658?
2004646
In base 12, what is 388b03 + -5?
388aba
In base 16, what is 1 - -86648?
86649
In base 12, what is -68641a1 - 7?
-68641a8
In base 12, what is -185 - -46a?
2a5
In base 13, what is -1a83 - -3269a?
30917
In base 13, what is -1549 - -99?
-1480
In base 15, what is -88e76b - -5?
-88e766
In base 2, what is -100010100011101 - -1001000101110?
-11001011101111
In base 10, what is 763780 + -640?
763140
In base 9, what is 3125 - 18273?
-15147
In base 12, what is 200 - 7618?
-7418
In base 5, what is -41140 + 1122043?
1030403
In base 13, what is -10 - 194ba93?
-194baa3
In base 5, what is -22 - -100324424323?
100324424301
In base 10, what is -3031673 + 15?
-3031658
In base 14, what